s divided by w(4)?
1
Suppose -8 - 48 = -4*i. Suppose 5*l - 16 = l. Suppose a - 135 = -l*a. What is the remainder when a is divided by i?
13
Let a = -7 - -5. Let k(n) = -3*n**3 - 2*n**2 - 1. What is the remainder when 57 is divided by k(a)?
12
Let k = -4 + 4. Suppose 0 = 4*o - k*o - 20. Calculate the remainder when (-35)/(-7) - (-2 - 0) is divided by o.
2
Suppose 6*j - 15*j = -1035. What is the remainder when j is divided by 29?
28
Suppose -3*n + 2 + 13 = 0. What is the remainder when 77 is divided by (-17)/(-1) + -2 + n?
17
Let s(u) = u + 6. Suppose -4*t = 2*g - 3*t - 15, -4*t - 4 = 0. Let c(k) = k**3 - 9*k**2 + 12*k - 9. What is the remainder when c(g) is divided by s(0)?
5
Suppose -8*b + 280 = 40. Calculate the remainder when 88 is divided by b.
28
Let o = 6 + -3. Suppose 4*y = o*r + 7, 0 = 5*y + 4*r - 2 + 1. What is the remainder when 22 is divided by (7 - y)/(6/8)?
6
What is the remainder when 4 - ((-392)/2 + 5) is divided by 33?
30
Let n(g) = -2*g - 8. Let r be n(-6). Suppose t = r*t - 333. What is the remainder when t is divided by 28?
27
Let f(c) = -c**3 + 5*c**2 - 2*c. Suppose -2*t - 2 = -6. Suppose -2*u + 0*u + 3*i = -54, 0 = 4*u + 3*i - 126. What is the remainder when u is divided by f(t)?
6
What is the remainder when 13 is divided by (20/(-6))/(-10)*(13 + -1)?
1
Let d(k) = -k**2 - 15*k - 2. What is the remainder when 22 is divided by d(-14)?
10
Suppose -20*t + 119 + 1 = 0. What is the remainder when 20 is divided by t?
2
Let l = 26 + -3. Calculate the remainder when 111 is divided by l.
19
Let z = -115 - -203. Calculate the remainder when z is divided by 30.
28
Let g be -7 + (1 + 1 - 0). Let u(p) = -p**3 - 4*p**2 + 4*p + 1. Let v be u(g). What is the remainder when 14 is divided by v/1 + (4 - 5)?
4
Let u = 7 + 0. Suppose -g = 5*o + g - 12, -4*o + g = -7. Calculate the remainder when u is divided by o.
1
Let q be (-3)/9*-3*0. Let k(p) = p**3 + p**2 - p + 3. Let g be k(q). Suppose -g*s = -2*s - 8. What is the remainder when 14 is divided by s?
6
Let v be (1 + 0)*(-42)/(-6). Suppose -v*j = -3*j - 2*z - 86, -5*j - 4*z = -101. Calculate the remainder when j is divided by 6.
3
Let n be ((-22)/(-5))/((-6)/(-30)). Suppose -y + n = 7. Calculate the remainder when y is divided by 9.
6
Suppose 11 = 4*b - 49. What is the remainder when b is divided by 4?
3
Suppose 122 - 618 = -8*t. Calculate the remainder when t is divided by 32.
30
Let o(b) = -b**2 - 11*b + 1. Let y be o(-10). Let f = y - 5. Calculate the remainder when 22 is divided by f.
4
Suppose -3*f + 31 = -5. Suppose -f = -2*l - 2*a + 6, 15 = 5*l - a. What is the remainder when 6 is divided by l?
2
Let u be 5868/8*(-4)/(-3). Calculate the remainder when 6/(-27) - u/(-27) is divided by 19.
17
Let m be (-6)/1 - 1/(-1). Let g = m - -9. Calculate the remainder when 10 is divided by g.
2
Suppose -a + 6 = 1. Let n = 149 + -100. Suppose 4*x - 7 - n = 0. What is the remainder when x is divided by a?
4
Let o = 11 + -3. Suppose -8 = 4*m - o*m. What is the remainder when m is divided by 2?
0
Suppose 4*m - 18 = 3*m + 5*v, -5*m + 2*v = 2. Let q(d) = -44*d - 3. Let o = 26 - -3. Calculate the remainder when q(m) is divided by o.
27
Calculate the remainder when (-18*(-1)/10)/((-4)/(-140)) is divided by 17.
12
Let p be 7/2 - 2/(-4). What is the remainder when 111/4 + 1/p is divided by 15?
13
Let m(f) = -f**3 + 5*f**2 - 3*f - 4. Let x be m(3). Suppose -2*v = -n - 2*n, 4*v - 22 = -x*n. Calculate the remainder when (10/(-8))/(1/(-4)) is divided by n.
1
Let t = -90 - -172. What is the remainder when t is divided by 21?
19
Let n(z) = z**3 + 27*z**2 + 26*z + 10. What is the remainder when 97 is divided by n(-26)?
7
Calculate the remainder when 46 is divided by -2 - (-2)/2*14.
10
Suppose -4*m = -5*m. Suppose 5*a - 4 - 6 = m. What is the remainder when 4 is divided by a?
0
Let o be (10/(-4))/((-3)/6). Let a be 972/20 - (-2)/o. Suppose 11 = 5*n - a. What is the remainder when 21 is divided by n?
9
What is the remainder when 56 is divided by 315/20 - 3/4?
11
Let t = -26 + 44. What is the remainder when 53 is divided by t?
17
Let k(a) = -a**2 + 9*a - 10. Let u be (6/5)/((-2)/(-10)). Let n = 7 - -22. What is the remainder when n is divided by k(u)?
5
Let c(a) = a**2 - 11*a - 16. Let h be c(13). Suppose 5*v - 2*w - h = 3*w, 38 = 5*v + 2*w. What is the remainder when 7 is divided by v?
1
Let u = 3 - 0. Suppose 3*z - 6 = u. What is the remainder when z is divided by 1?
0
Let y = 8 - -22. Let s = 841 + -824. Calculate the remainder when y is divided by s.
13
Suppose 0 = -5*r - 20, 2*a + a - 5*r = 167. Calculate the remainder when a is divided by 26.
23
Suppose 4*j - 20 + 4 = 0. Let u = j + 11. Calculate the remainder when (-2)/2*(0 + -29) is divided by u.
14
Suppose 5*c - 68 = 3*c. What is the remainder when 101 is divided by c?
33
Let y be 4/(-5)*(-30)/12. Suppose -5*l + 57 = -y*l. Suppose -l = -2*n + 87. Calculate the remainder when n is divided by 18.
17
Let j be (3 + -1)*-1 + 29. Suppose -2*t + 63 + j = -2*l, 2*t + l = 75. Calculate the remainder when t is divided by 14.
12
Let i(g) = -3*g**3 - 4*g - 3. What is the remainder when 10 is divided by i(-1)?
2
Let s = -10 - -14. Suppose -v + s = 2. Let k = v + 8. Calculate the remainder when k is divided by 6.
4
Let c be (-2)/(-1) - 6/(-3). Suppose -5*l = -c*j, -4*j + 5 + 11 = -l. Let u(i) = i**3 - 4*i**2 + 4*i - 4. What is the remainder when 22 is divided by u(l)?
10
Suppose 0 = -3*w + 92 - 29. Suppose -x + 4*x = -w. Let o = 20 + x. Calculate the remainder when 37 is divided by o.
11
Let h = 30 - 4. Suppose 0 = -0*k - 2*k. Let n = 9 + k. What is the remainder when h is divided by n?
8
Let n = 2 - -1. Suppose -4*h + 15 = 5*m, 2*h + h - 25 = -m. Calculate the remainder when h is divided by n.
1
Let a be (7*-1)/(2/(-14)). Suppose 2*k - 73 = -4*q + a, -86 = -2*q + 4*k. Suppose 3*p - q = -0*p. What is the remainder when 31 is divided by p?
9
Suppose -3*u - 2 + 8 = 0, 4*r + u = 54. Let i = -142 + 192. Calculate the remainder when i is divided by r.
11
Calculate the remainder when 690/14 - 10/35 is divided by 13.
10
Let g(i) = -i**2 - 5*i. Let q be g(-4). Suppose 0*a + 40 = q*a. Let b(y) = -30*y**3 - 2*y**2 - 2*y - 1. Calculate the remainder when b(-1) is divided by a.
9
Let p be -1 + 1/(1/3). Suppose -p*b = -3*b - 3. What is the remainder when 46 is divided by -1 - (-10 + b + 0)?
10
Suppose -5*u + 208 + 202 = 0. Calculate the remainder when u is divided by 24.
10
Let p(v) = -v**2 - v + 7. Let d be p(0). Let g = 12 + -7. Let n = d - g. Calculate the remainder when 3 is divided by n.
1
Let i(s) = 11*s + 19. What is the remainder when i(9) is divided by 40?
38
What is the remainder when (70/3)/((-5)/(45/(-6))) is divided by 9?
8
Suppose 3*r + 51 = 3*l, 5*l + r - 19 = 4*l. What is the remainder when l is divided by 5?
3
Let o(d) = -d**2 + 11*d - 11. What is the remainder when o(8) is divided by 6?
1
Let v be (-6)/3*(-1)/2. Let k be 2*(-9)/(-6)*v. Suppose -4*h - 4*n - 6 + 2 = 0, -5*h + k*n = -19. Calculate the remainder when 4 is divided by h.
0
Let c(t) = 8*t**3 - t**2 - t. Let v be c(-1). Let y(n) = n**3 + 8*n**2 - n. Calculate the remainder when 30 is divided by y(v).
6
Suppose 0 = -4*q + a + 45, 5*a + 0*a + 25 = 0. Let b(d) = -d**2 + 15*d - 3. Let s be b(6). Let t = s + -32. Calculate the remainder when t is divided by q.
9
Suppose -5*r + 0*r = 2*b - 2, -r + b = -6. Let h(j) = 4 + 1 - 4 + r*j**2 + 24*j**3 - 2*j. Calculate the remainder when h(1) is divided by 9.
7
Suppose d = -3*d + 32. What is the remainder when 22 is divided by d?
6
Suppose 5*o + 0 = -15. Let a = 0 - o. Suppose a*i - 38 - 4 = 0. What is the remainder when i is divided by 5?
4
Let b(f) = 46*f - 3. Let j be b(2). Let c = -9 + -43. Let w = j + c. Calculate the remainder when w is divided by 13.
11
Let v(s) = s. Let o be v(0). Suppose -4*t + o*t = -28. Suppose -2*n = -3*n + t. What is the remainder when n is divided by 3?
1
Suppose -3*p - 2*b + 50 - 4 = 0, 4*b - 44 = -2*p. Suppose 0 = i + 2*i - p. What is the remainder when 7 is divided by i?
3
Let j(w) = w**3 - w**2 - 9*w + 7. What is the remainder when j(4) is divided by 11?
8
Let r(s) = -s**3 - 6*s**2 + s + 8. Let j(k) = 0 - 2*k**3 + 3 + 3*k**3 + 3*k**2. What is the remainder when j(-3) is divided by r(-6)?
1
Let n be 516/18*3/2. Suppose 2 + n = 5*y. Cal